*j - v*d + 8 = 0. Let c(z) = 7*z**2 + 2*z. Let a be c(2). Calculate the greatest common divisor of j and a.
4
Let a(m) = -m**2 - 2*m. Let g(w) = -3*w**2 - 7*w - 29. Let y(d) = 10*a(d) - 2*g(d). Let o be y(0). What is the highest common factor of o and 522?
58
Let j(k) = -k**3 - 8*k**2 - 30*k + 80. Let p be j(0). Calculate the highest common divisor of p and 4672.
16
Suppose -342*j - 5*f = -338*j - 5100, -3*j = -3*f - 3852. What is the highest common divisor of 260 and j?
20
Let p = 531 + 127. Suppose 3*b + 178 + p = y, y = -4*b + 808. Suppose -y - 604 = -17*z. What is the highest common factor of z and 28?
28
Let y = -5459 + 5531. What is the greatest common divisor of y and 9816?
24
Let x be -3 + (11 - -1) - 0. Suppose -22*t = -6*t - 48. Suppose -t*a + 2*a = 3*c - 27, 5*c - 57 = -2*a. Calculate the highest common divisor of a and x.
9
Let p(n) = -n**3 + 18*n**2 - 63*n + 10. Let f be p(13). Let k(m) = m + 9 - 3 + 0*m. Let d be k(6). Calculate the highest common factor of d and f.
12
Let y be (-14)/6*-6*(7 + -6). Let q = 16 + y. Let r(f) = 4*f - 8. Let a be r(7). Calculate the greatest common divisor of q and a.
10
Let y = -4866 + 4893. Calculate the greatest common factor of y and 168.
3
Suppose 2204*w - 2188*w - 18000 = 0. Calculate the highest common divisor of w and 1200.
75
Suppose 5*p - 234 = -4*t, -p = -2*t - 27 + 109. Let n = 458 - 251. What is the highest common factor of n and t?
23
Let p be (-19 + 22 - (0 - -10)) + 87. Calculate the greatest common factor of 920 and p.
40
Let w = -140 + 212. Suppose -6*h + 10 + 140 = 0. Suppose -h*i + 158 = -442. What is the highest common factor of w and i?
24
Suppose c = -8*o + 7*o + 17988, 3*c + 179776 = 10*o. Calculate the greatest common factor of 31 and o.
31
Suppose f - 1 = 9. Let g = 7 + 53. Suppose -95 = 2*c - 5*c + 4*l, 3*l - g = -3*c. What is the greatest common factor of c and f?
5
Let x(j) = 18*j + 18. Let g be (-1 + 1)/(-5 + 6). Suppose -2*z - z = 2*t - 7, g = -4*t + 3*z + 23. Let i be x(t). What is the highest common factor of i and 12?
12
Let h = -26 - -130. Let g be ((-72)/21)/(-4)*(-161)/(-46). Suppose -245 - g = -5*n + 2*t, h = 2*n - 2*t. What is the highest common factor of 8 and n?
8
Let p = 44 + 203. Let q = p + -237. Calculate the greatest common divisor of 1 and q.
1
Let m be 14/(-4) + 3 - 6465/10. Let t = 839 + m. Calculate the highest common divisor of t and 24.
24
Suppose 44950 = -282*r + 142*r + 150*r. Calculate the highest common divisor of r and 620.
155
Let j(y) = 10*y - 60. Let i be j(5). Let r be -2*2*i/(-4)*-8. Let b be 1/((-2)/4) + 34. What is the highest common divisor of b and r?
16
Let o = -317 - -781. Let y = o - 426. What is the greatest common divisor of 2 and y?
2
Let p = 37 - 16. Suppose 23*v = p*v. Suppose v = -2*z + 22 + 338. What is the greatest common factor of z and 20?
20
Suppose -r - 4*a = 5, -7*r + 3*a - 58 = -3*r. Let m = 53 + 6. Let f = m - r. What is the greatest common divisor of f and 8?
8
Let g(a) = -4*a - 8. Let q be g(-3). Let f be -1*((-10)/4)/(q/8). Suppose -3*d - 14 = -6*d - u, 38 = 3*d - f*u. What is the greatest common factor of 30 and d?
6
Suppose 0 = -7*z + 10*z - 87. Suppose 0 = 43*p + 5*p + 23*p - 14413. What is the greatest common divisor of p and z?
29
Let p(l) = l**3 - 15*l**2 + 21*l + 5. Let u be p(14). Suppose 388 = 5*z + u. Suppose 3*q + 9 = z. Calculate the highest common factor of q and 12.
4
Let k be 714/(-45) - 2/15. Let d be (k - -5)/((-1)/1) - -3. Suppose -15 = -3*o, n + 2*o - 11 - d = 0. Calculate the highest common divisor of n and 30.
15
Let r = -359 - -360. Suppose 2*b + 5 = 19. What is the greatest common divisor of b and r?
1
Suppose -128*h - 92 + 442 = -162. Calculate the greatest common divisor of 3908 and h.
4
Let f(n) be the third derivative of n**6/120 + 3*n**5/10 + 31*n**4/24 + 10*n**3/3 - n**2 + 6. Let g be f(-16). Calculate the highest common factor of g and 18.
18
Suppose 0 = -18*u + 83 + 205. What is the greatest common factor of 116 and u?
4
Let x be (32/(-36))/(52/(-2457)). Let c be 2*(-6)/(-4) - 1. Suppose -88 = -4*w - 4*h, c*w - 2*h - 38 = 2*h. Calculate the greatest common factor of w and x.
21
Let t = -26724 + 26727. Calculate the highest common factor of 8139 and t.
3
Let w(i) = i**2 + 14*i - 10. Let u be w(-15). Suppose -m = -f + 23, u*f + 5*m - 70 = m. What is the greatest common factor of f and 90?
18
Let h be (-1)/(-1 - 0) - -105. Let i be (-6)/2 + 6*(-7 - (-40 - -2)). Let w = i - h. Calculate the greatest common divisor of 7 and w.
7
Let n = -74 - -581. Suppose 5*d + 2 = 22, 5*j + 3*d = n. What is the greatest common factor of 9 and j?
9
Let d(h) = 54*h**2 + 7*h - 2. Let k be d(6). Suppose 0 = -j - 5*c + 496, k = 7*j - 3*j - 5*c. Let y = -82 + j. Calculate the highest common factor of y and 46.
46
Suppose -57 = -3*d + 2*p, 108 = 6*d - d + p. Let c(i) = 101*i**2 - i - 3. Let j be c(2). Calculate the greatest common divisor of j and d.
21
Let q(w) = -w**3 + 7*w**2 + 3. Let i be q(6). Suppose -7836 = -185*x + 20050 + 8189. What is the greatest common divisor of i and x?
39
Let c be -8 - 5668/(-28) - (8 - 300/35). Calculate the greatest common divisor of c and 767.
13
Suppose 2577 = -20*x + 9937. What is the highest common factor of x and 48?
16
Let l = 698 - 668. Let r be (1 - -4)/((-15)/(-18)). Calculate the greatest common divisor of l and r.
6
Suppose -8*q + 15 + 1 = 0. Suppose -6 = -4*g + g, q*d = -3*g + 500. Suppose 73 = 5*o - d. What is the greatest common divisor of 4 and o?
4
Let z(t) be the second derivative of -11*t**3/3 - 3*t**2 + 34*t. Let m be 3*(-3)/(-18)*-2. Let b be z(m). Calculate the highest common factor of 2 and b.
2
Suppose -89*l + 80*l = -54. Let j(x) = 47*x - 2. Let h be j(6). Suppose l*t - h = t. Calculate the highest common divisor of t and 616.
56
Suppose 0 = -555*k + 503*k + 246792. What is the greatest common divisor of 42 and k?
42
Suppose l = -56 + 7. Suppose -67 - 28 = 5*y. Let i = y - l. What is the greatest common divisor of 240 and i?
30
Let r(g) = 19*g - 20. Let q be r(5). Suppose -5*o = q - 20. Let s be ((-1 - 3)/1)/(o/33). What is the highest common factor of 132 and s?
12
Let m = 9947 - 9869. Calculate the highest common factor of m and 3003.
39
Suppose -3*x + 33 - 4 = 5*h, -4*x = 2*h - 20. Suppose -x*b = -7*b - 4*a + 400, -3*a = 0. Calculate the highest common factor of b and 150.
50
Let r(l) = -7 - 19 + 43*l - 4. Let g be r(1). Let j = 51 + 40. Calculate the highest common factor of j and g.
13
Let j be (48/(-18) + 2)*-93. Suppose -3*f - 2 = -j. Calculate the greatest common divisor of f and 110.
10
Let m = -1907 + 2632. What is the greatest common factor of 75 and m?
25
Let b(l) = -l**3 + 11*l**2 - 13*l + 14. Let n be b(10). Let s be (-150)/(-4)*(-14 - n). What is the greatest common divisor of 175 and s?
25
Suppose -5949 = -5*g + 2*x, g = -75*x + 78*x + 1195. Calculate the highest common factor of g and 58.
29
Let i(c) = 38*c**2 + 29*c + 72. Let g be i(-3). Calculate the greatest common factor of 4033 and g.
109
Let z = 2430 + -1350. Suppose -14*s + 4*s + z = 0. Suppose -17*y + 13*y + s = 0. What is the highest common divisor of y and 18?
9
Let l be (-22626)/(-6) + -2 + -6. Calculate the greatest common factor of l and 71.
71
Let k be (-2514)/(-21) + 55/(-77). What is the highest common factor of 189 and k?
7
Let m be (-984)/(-33) + (-48)/(-264). Suppose -5*q + 2*o + 70 = 0, -3*o = -26*q + m*q - 33. Let g = -401 - -713. What is the highest common factor of q and g?
12
Let f = -41 + 63. Suppose 1400*u - 1404*u + 400 = 0. Suppose -f*m + u = -17*m. What is the highest common factor of m and 15?
5
Let x(k) = k**3 + 108*k**2 - 336*k - 146. Let b be x(-111). What is the highest common factor of 272 and b?
17
Let j(c) = c**3 + 19*c**2 + 18*c. Let y be j(-18). Suppose -o - 5*b + 219 = -2*b, -3*o - 3*b + 675 = y. Calculate the greatest common factor of 12 and o.
12
Let m(l) = -123*l - 1255. Let n be m(-67). What is the greatest common factor of 28 and n?
14
Suppose -3*r - 28*j = -32*j - 239, -5*r - j + 429 = 0. What is the greatest common divisor of r and 4335?
85
Let w = -5044 + 5182. What is the highest common divisor of 234 and w?
6
Let f(c) = 1. Let d(q) = 10*q - 50. Let j(z) = -d(z) + 4*f(z). Let o be j(0). Calculate the greatest common factor of o and 29